- (0 - (-19 + 10))
1
Evaluate (6 - (-1 + -1)) + -3 + -1.
4
Calculate (2 - 0) + -1 + -1 + -2.
-2
Evaluate -1 + -7 + (-3 - (-2 + -2)).
-7
What is 5 - -1 - (23 - 8)?
-9
Evaluate 5 - (4 + -2 + 2).
1
-8 + 6 + -1 + 4
1
What is -2 + (0 + 2 - (-8 - -7))?
1
What is 8 + (-12 - 3) - -4 - 4?
-7
What is the value of (14 - 9) + -2 - 6?
-3
Calculate (3 - 7) + 4 + (-1 - -3).
2
-2 + (6 - 6) + 4 + 4
6
What is the value of -1 + (1 - (-1 - -3))?
-2
Calculate 2 - 19 - (43 - 50).
-10
Evaluate 6 + (6 - 21) - -5.
-4
What is the value of -5 + 2 + -2 + 1 + -1?
-5
-7 + 0 + (8 - 4)
-3
What is 2 - (-8 - (6 + -11) - -7)?
-2
-5 + 7 + 1 - (0 - -1)
2
Calculate 0 - (2 + (6 - 3)).
-5
Calculate 5 + (0 - -1) - (5 + 1).
0
Calculate -15 + 20 + -4 + -2.
-1
Calculate (-4 - -4) + -9 + 15.
6
Calculate (-1 - -2) + 23 + -18 + -2.
4
What is 1 + 2 + -3 - (15 + -12)?
-3
What is -564 + 567 + (1 - (6 - 0))?
-2
What is the value of 1 - 8 - (-13 + 4)?
2
-3 + 2 - (14 + -8 - 9)
2
What is the value of 8 - (4 - -1 - -3)?
0
What is the value of -7 - -4 - (4 + -8)?
1
What is the value of (-10 - -16) + -2 + -6?
-2
What is 0 + 0 + -2 + (17 - 23)?
-8
What is 0 + 0 + (-7 - -9)?
2
Evaluate (-10 - -7) + 6 + -6.
-3
What is -3 + -5 - -8 - (3 - -1)?
-4
(5 - (-13 + 12)) + (-4 - 0)
2
1 + -4 - -4 - (-6 + 3)
4
Calculate -121 - -120 - (0 + -2 - 1).
2
What is the value of 7 + (-4 - 1 - (-1 + -2))?
5
What is the value of 0 - (5 - 3) - -3?
1
Evaluate (0 - 2) + 3 + -3.
-2
1 - (-4 + 1 - 0)
4
-2 + 10 + -5 - 6
-3
Evaluate 21 - 23 - (1 + (0 - 3)).
0
Evaluate 0 + (3 - (8 + -3)).
-2
Calculate -2 - -8 - ((-8 - -5) + 4).
5
What is 1 + -1 + -1 + 0 - -5?
4
Evaluate -4 + -4 + 13 - 8 - 3.
-6
-38 - -34 - (-8 + (-1 - -3))
2
(-15 - -17) + 0 + -7
-5
Calculate (-3 - -8) + 2 - (9 - 6).
4
Calculate -3 + -1 + (1 - -2) + 2.
1
1 + -2 + (-1 - -3)
1
What is 11 + (-7 - (-12 - -16))?
0
What is 1 + 4 + -1 - 4?
0
Calculate 2 + -1 + (4 + -2 - 0).
3
Calculate (0 - -5) + -3 - 0.
2
-1 + -3 - (2 - (-4 + 3))
-7
Calculate (-3 - 6) + -2 - (6 + -11).
-6
What is the value of 1 + 4 - (-11 + 13)?
3
(7 - 3) + -10 - (-3 - 0)
-3
Calculate -6 + (-2 + (11 - -3) - -2).
8
What is (20 - 21) + 0 + 4 - 8?
-5
Evaluate 1 - (3 - 3) - (-9 + 17).
-7
Calculate (-4 - ((-4 - -2) + -3)) + -3.
-2
What is 2 - (5 - (4 + 0 - 3))?
-2
Evaluate -5 + (-6 - -7) + 3.
-1
-7 + -4 + -4 + 12
-3
What is -1 + 3 + (5 - (-2 - -5))?
4
Calculate 0 - ((0 - 4) + 2 + 0).
2
Evaluate 6 + -3 - (0 - -4).
-1
Calculate 5 + -10 - -5 - 5.
-5
Evaluate 0 + (-2 - -1) - (-5 - -2).
2
What is 13 - (38 + -38 - (1 + -6))?
8
What is (-4 + 8 - 2) + 2 + -2?
2
Calculate -12 - -17 - (8 - -1).
-4
What is the value of 1 + (-1 - 0 - -2)?
2
What is 11 - 10 - (1 + 1)?
-1
Evaluate 6 + -9 + 12 + -7.
2
(-4 - (-4 - -1)) + -6 - -1
-6
Calculate (13 - 16 - (0 + -1)) + 5.
3
3 + 3 - (-5 - -9)
2
What is (0 - -2) + (9 - 13) + -2?
-4
Evaluate (-3 - 1) + 2 + -1 + 0.
-3
Calculate (-8 - -3) + (4 - 0) - 0.
-1
11 - (-7 - (-3 - 8))
7
Calculate (-18 - (3 + -24)) + 0 + -2.
1
Evaluate (-1 - (12 + -12)) + (7 - 3).
3
-5 - (-2 + (-1 - (-2 + 3)))
-1
Evaluate -3 - (-3 + (1 - 1) + 3).
-3
What is (1 + -6 - (68 + -70)) + 4?
1
What is the value of -6 - (-2 - (8 + -3))?
1
What is (-3 - 5 - -6) + 3?
1
What is the value of -11 + (0 - (-24 - -11))?
2
What is the value of -5 + 10 - (-8 - 0) - 7?
6
What is the value of 9 - (4 + 2) - -2?
5
What is -8 + -4 + -4 + 13 - -4?
1
(0 - 1) + (0 - 3) - -7
3
Calculate -2 - ((-1 - 0) + 2 + 1).
-4
-5 - -3 - (14 + -26)
10
Evaluate -3 - ((4 - 4) + -2 + 3).
-4
0 + (-4 - -6) + -2 - 2
-2
What is -7 + 2 + (11 - 7)?
-1
Evaluate (10 - 0) + 0 + -4 + -1.
5
What is (17 + -9 - 10) + -3?
-5
What is the value of -5 - (1 - -2) - (-10 - -6)?
-4
What is 2 + -6 - 5 - -1?
-8
What is 4 - (2 - (0 + -1))?
1
Calculate -5 - (11 - 16 - (2 - -1)).
3
7 + -6 + -8 + 6
-1
Calculate -7 - (-9 + (-5 - -7) + -8).
8
Calculate 1 + 0 - 4 - (-2 + 2).
-3
What is -4 + 15 + (-3 - 7)?
1
Evaluate -3 - ((14 - 5) + -3 - 8).
-1
Evaluate -44 + 47 - (0 - 1).
4
4 + (-2 - -13) + -6 + 0
9
What is the value of 4 + -2 + -4 + (1 - 4)?
-5
What is -6 - (-10 - (-7 + 1))?
-2
Calculate 3 - (4 - 2) - -4.
5
Evaluate -11 + 6 + 2 + 2.
-1
Calculate 0 - 2 - (8 - (2 + 3)).
-5
Evaluate -4 - 0 - (-15 + 12 - -3).
-4
Calculate (8 - 7) + -4 - -5.
2
What is the value of -6 - (6 + -22 - -6)?
4
-11 - (-3 + (-3 - 0))
-5
What is the value of (3 - (0 - 5)) + -9 - 3?
-4
(0 - 4) + 0 + 1 + 4
1
Evaluate (0 - 1) + 2 - (4 + -6).
3
Calculate (0 - 1) + -1 + -5 + 1.
-6
Evaluate 0 - (-2 - (-4 + 3)) - 4.
-3
Calculate 13 - 14 - (2 + -7 - 3).
7
(8 - (3 - -6)) + -2
-3
What is 3 - (0 - 0) - (-2 + 0)?
5
-3 - (2 - 3 - 4) - -2
4
-3 + (-4 - (-1 - 2) - -4)
0
Evaluate -6 + (7 - 2 - (7 - 5)).
-3
Evaluate -3 + (-6 - -4 - -3) - -4.
2
What is the value of (-2 - -4) + (-1 - (6 + -7))?
2
What is the value of -9 + -12 + 19 + -7?
-9
Evaluate (1 - (-2 - 2 - -4)) + 5.
6
Calculate -6 + -14 + 17 + -4.
-7
What is the value of -6 + (-1 - -4) - -6 - 3?
0
What is the value of -4 - (-1 + -1 + -2 + 2)?
-2
What is (-1 - -1) + 0 + 2 + 2?
4
What is -2 - (7 + (-1 - 12))?
4
Calculate -7 - 1 - (1 + (-2 - 2)).
-5
What is the value of -27 + 32 - (0 - (2 + -2))?
5
What is the value of 1 - ((8 - (3 - 2)) + -3)?
-3
-5 - -9 - (10 - (4 + 3))
1
What is the value of 0 + 1 - (4 + -1 - -1)?
-3
-1 + 2 + 35 + -38
-2
Calculate (5 - -3 - 4) + (-1 - 0).
3
What is (-3 - 2 - 0) + 0 - -1?
-4
Calculate -2 + 2 + (0 - -3) + -1.
2
Calculate (49 - 37) + -5 + 0.
7
What is -4 + (13 - (10 - 1))?
0
Calculate (-1 - (4 + -1 + -2)) + 9.
7
Calculate (5 - (6 + -4)) + (1 - 2).
2
What is the value of -2 + (-1 - (0 + -7 + 5))?
-1
Evaluate -2 - -5 - (0 - 2).
5
Evaluate (7 - (7 + -4)) + -1.
3
What is (-38 - 2 - -15) + 15?
-10
What is 4 + 1 + -6 - 0?
-1
Evaluate 4 + -5 - 6 - -4 - 0.
-3
(1 + 0 - 6) + 78 + -79
-6
1 + 1 + -2 + (2 - 0)
2
Evaluate -2 + -9 + 9 + 7.
5
Evaluate -8 - 0 - 2 - (-3 + -3).
-4
What is 0 - -2 - (2 + (10 - 12))?
2
-1 - (7 + 6 + -15)
1
Calculate -2 + -1 + 4 + (6 - 4).
3
Evaluate (-2 - -4) + 8 + -3.
7
Calculate (2 - (2 + -1)) + -1.
0
Evaluate -2 + (0 - -6) + 2 + -4.
2
-4 + (0 - (1 + (-1 - 0)))
-4
What is the value of (-11 - (-7 + 4)) + 5?
-3
Calculate -1 - (4 + -8) - (8 - 1).
-4
What is the value of 6 + -4 + 2 - 13?
-9
What is the value of 0 + 1 + 2 - (8 + -8)?
3
Calculate 13 - (-9 + 13 + (-1 - -1)).
9
Calculate -2 - (-8 + (3 - -1)).
2
What is the value of (12 - (-11 - -10)) + -2?
11
What is 36 + -38 - ((-1 - -7) + -1)?
-7
2 + -11 + 13 + (4 - 6)
2
What is the value of 5 - (1 + -9 + 5 + 7)?
1
Evaluate (5 + -9 - -4) + -2 + 0.
-2
4 + (1 + 1 - 7) + -6
-7
What is the value of (1 - 0) + (-40 - -34) - -1?
-4
What is the value of -2 - (-3 + 5 + -6)?
2
Evaluate -8 + 2 + (-2 - -4) - -11.
7
What is -2 + (0 - (-5 - -5))?
-2
What is -1 - (2 + -1 + (2 - -1))?
-5
-6 + ((-6 - -5) + 3 - -2)
-2
What is the value of (3 - 0 - 1) + (-47 - -49)?
4
3 - (-3 - -6 - (0 - -3))
3
Calculate (-6 - (-5 - -5)) + 16 + -4.
6
What is 3 - (7 + 0 + 14 + -8)?
-10
What is the value of -4 + -2 + 4 - 0?
-2
Calculate 4 + -3 - (-3 - 0).
4
Calculate -11 - (2 - 11) - (-2 + -5).
5
4 + 2 + 2 - (2 + 1)
5
What is the value of -8 - (-6 + 1 + -1)?
-2
1 + -2 + -1 + 16 + -17
-3
Calculate (2 + 0 - 11) + 4 - 4.
-9
Calculate 12 - 18 - (1 + -6).
-1
What is the value of -4 - 0 - (2 - 3) - -8?
5
0 + 1 - (-4 - -1)
4
Calculate 3 + 7 + -1 + -7.
2
4 - (4 - (3 + -7))
-4
(-5 - -4) + (4 - 9)
-6
Calculate -2 + (-9 - (-10 + 7) - -4).
-4
Evaluate -9 + 0 + (32 - 24).
-1
Calculate -4 + (1 - (3 + -9)).
3
(2 - 0) + (-2 - 4) - -1
-3
0 + (-11 + 24 - 6)
7
-9 + (-5 - -2 - -5)
-7
What is the value of 1 + 0 - (4 + 6)?
-9
What is 15 - (4 - -10 - 7)?
8
What is the value of (-9 - -4) + 1 + 3 + 3?
2
Evaluate (2 - -5) + (-3 - -1 - 9).
-4
Evaluate (-1 - 9) + (6 - -9) + -15.
-10
What is 20 + (-25 - -11) + (-2 - -1)?
5
-13 + (12 - 6) - -6
-1
What is -1 + 13 + 8 + -17?
3
-25 - -26 - (2 - -2)
-3
What is the value of -3 - (-1 + -5) - -2?
5
Calculate (5 - -4 - 2) + (-17 - -9).
-1
(11 - 1 - (29 - 23)) + -12
-8
What is 6 - (-7 - (-18 - -5))?
0
What is the value of 1 + 1 + (-3 - (1 + -2))?
0
Evaluate -5 + 2 + -4 + 4 + 0.
-3
Evaluate 7 - 0 - (-7 - (-10 + -6)).
-2
Evaluate 10 - 6 - (6 - (-7 + 17)).
8
Evaluate 2 + -1 - (-18 - -20).
-1
(-1 - ((9 - 6) + -8)) + -8
-4
What is (-2 - (0 + -1)) + 3?
2
What is -7 + 8 + -6 + 0?
-5
Evaluate 9 + -3 + 0 + (3 - 5).
4
